{"id":73,"date":"2024-06-24T09:41:24","date_gmt":"2024-06-24T07:41:24","guid":{"rendered":"https:\/\/hiperqvo.es\/?page_id=73"},"modified":"2024-06-24T09:41:24","modified_gmt":"2024-06-24T07:41:24","slug":"politica-de-privacidad","status":"publish","type":"page","link":"https:\/\/hiperqvo.es\/?page_id=73","title":{"rendered":"Pol\u00edtica de privacidad"},"content":{"rendered":"\n<p>Informaci\u00f3n adicional y detallada sobre el uso de sus datos de car\u00e1cter personal<\/p>\n\n\n\n<ul class=\"wp-block-list\">\n<li>Identidad:&nbsp;ASOCIACI\u00d3N NACIONAL DE FABRICANTES DE CONSERVAS DE PESCADOS Y MARISCOS (ANFACO) \u2013 CENTRO T\u00c9CNICO DE CONSERVACI\u00d3N DE PRODUCTOS DE LA PESCA (CECOPESCA) (en adelante ANFACO-CECOPESCA)<\/li>\n\n\n\n<li>CIF: G36625309<\/li>\n\n\n\n<li>Direcci\u00f3n postal:\u00a0Calle Ctra. Colegio Universitario, 16 \u2013 36310 VIGO (Pontevedra) ESPA\u00d1A.<\/li>\n<\/ul>\n\n\n\n<p>Responsable de Seguridad o Delegado de Protecci\u00f3n de Datos en su caso:<br>ANFACO-CECOPESCA<\/p>\n\n\n\n<h3 class=\"wp-block-heading\">&nbsp;<\/h3>\n\n\n\n<h3 class=\"wp-block-heading\">\u00bfCon qu\u00e9 finalidad tratamos sus datos personales?<\/h3>\n\n\n\n<p>Tratamos los datos personales que nos facilite con las siguientes finalidades:<\/p>\n\n\n\n<ol class=\"wp-block-list\">\n<li>Cumplir con el deber de informaci\u00f3n y obtenci\u00f3n de consentimientos requeridos por la nueva normativa europea de protecci\u00f3n de datos de car\u00e1cter personal.<\/li>\n\n\n\n<li>El env\u00edo de comunicaciones comerciales de nuestros productos o servicios, salvo que usted manifieste su voluntad en contra por cualquier medio. En cualquier caso, la autorizaci\u00f3n para tratar sus datos con este fin es voluntaria y su negativa s\u00f3lo tendr\u00eda como consecuencia el hecho de que usted no recibir\u00eda ofertas comerciales de nuestros productos o servicios.<\/li>\n<\/ol>\n\n\n\n<h3 class=\"wp-block-heading\">\u00bfQu\u00e9 datos tratamos?<\/h3>\n\n\n\n<p>En el marco de la prestaci\u00f3n de los servicios que ofrece la entidad y condicionado a las finalidades consentidas por usted, nuestra entidad \u00fanicamente se tratar\u00e1n los datos estrictamente necesarios para la correcta gesti\u00f3n de la relaci\u00f3n contractual y\/o<br>prestaci\u00f3n de los servicios, y ser\u00e1 exclusivamente los que usted nos haya facilitado.<\/p>\n\n\n\n<h3 class=\"wp-block-heading\">\u00bfDurante cu\u00e1nto tiempo trataremos sus datos?<\/h3>\n\n\n\n<p>Los datos personales que nos proporciones ser\u00e1n conservados mientras se mantenga la relaci\u00f3n contractual \/ mercantil vigente, o bien durante un plazo de cuatro a\u00f1os a partir de la \u00faltima relaci\u00f3n negocial siguiendo la normativa a efectos fiscales.<\/p>\n\n\n\n<p>No obstante nuestra entidad seguir\u00e1 conservando su informaci\u00f3n para el env\u00edo de<br>comunicaciones comerciales que consideremos sea de su inter\u00e9s, mientras no se solicite su supresi\u00f3n por el interesado.<\/p>\n\n\n\n<p>Siempre podr\u00e1 ejercitar los derechos que le reconoce la normativa vigente poni\u00e9ndose en contacto a trav\u00e9s de la v\u00eda que le sea m\u00e1s c\u00f3moda.<\/p>\n\n\n\n<h3 class=\"wp-block-heading\">\u00bfCu\u00e1l es la legitimaci\u00f3n para el tratamiento de sus datos?<\/h3>\n\n\n\n<p>La base legal para el tratamiento de sus datos es la ejecuci\u00f3n del contrato de servicios necesario para la realizaci\u00f3n de la operaci\u00f3n negocial o bien \u00e9sta legitimaci\u00f3n est\u00e1 otorgada por su consentimiento expreso como propio y principal interesado.<\/p>\n\n\n\n<h3 class=\"wp-block-heading\">\u00bfA qu\u00e9 destinatarios se comunicar\u00e1n sus datos?<\/h3>\n\n\n\n<p>No se comunicar\u00e1n sus datos a ning\u00fan tercero, salvo obligaciones legales vigentes.<\/p>\n\n\n\n<p>En todo caso que cambie esta posibilidad se le informar\u00e1 debidamente solicitando su consentimiento para dicha cesi\u00f3n. Le informamos que tampoco se realizar\u00e1n transferencias internacionales.<\/p>\n\n\n\n<p>Se informa al Usuario de que, para la correcta prestaci\u00f3n de los servicios (v\u00e9ase, alojamiento web, soporte, email marketing, etc.), distintos prestadores de servicios contratados por nuestra entidad (encargados del tratamiento) podr\u00edan tener acceso a la informaci\u00f3n personal necesaria para realizar sus funciones.<\/p>\n\n\n\n<p>Estos servicios prestados por terceros son necesarios para el desarrollo de nuestra actividad y, en todo momento, el tratamiento de los datos que lleven a cabo se rige por un contrato que vincula al encargado respecto a nuestra entidad. En ning\u00fan caso utilizar\u00e1n la informaci\u00f3n para otros fines y la tratar\u00e1n de conformidad con las directrices estipuladas por nuestra entidad, acordes a su pol\u00edtica de privacidad y a la normativa vigente en materia de protecci\u00f3n de datos.<\/p>\n\n\n\n<p>Nuestra entidad en su compromiso con la privacidad y protecci\u00f3n de datos del Usuario, elegir\u00e1 \u00fanicamente prestadores de servicio que ofrezcan las garant\u00edas suficientes para aplicar medidas t\u00e9cnicas y organizativas apropiadas, de manera que el tratamiento sea conforme la legislaci\u00f3n aplicable en materia de protecci\u00f3n de datos y garanticen la protecci\u00f3n de los derechos del Usuario.<\/p>\n\n\n\n<h3 class=\"wp-block-heading\">\u00bfCu\u00e1les son sus derechos cuando nos facilita sus datos?<\/h3>\n\n\n\n<p>Cualquier persona tiene derecho a obtener confirmaci\u00f3n sobre si estamos tratando datos personales que les conciernan o no. En este sentido, usted tiene derecho a solicitar:<\/p>\n\n\n\n<ul class=\"wp-block-list\">\n<li>Acceso .- El interesado tendr\u00e1 derecho a obtener del responsable del tratamiento confirmaci\u00f3n de si se est\u00e1n tratando o no los datos que le conciernan, as\u00ed como informaci\u00f3n detallada acerca de determinados aspectos del tratamiento que se est\u00e9 llevando a cabo.<\/li>\n\n\n\n<li>Rectificaci\u00f3n .- El interesado tendr\u00e1 derecho a obtener la rectificaci\u00f3n de los datos personales inexactos que le concierne o que se completen aquellos que fueran incompletos.<\/li>\n\n\n\n<li>Supresi\u00f3n .- El interesado tendr\u00e1 derecho a solicitar la supresi\u00f3n de sus datos personales, en todo caso la supresi\u00f3n estar\u00e1 sujeta a los l\u00edmites establecidos en la norma reguladora.<\/li>\n\n\n\n<li>Limitaci\u00f3n de su tratamiento .- El interesado tendr\u00e1 derecho a solicitar la limitaci\u00f3n respecto al tratamiento de sus datos de car\u00e1cter personal<\/li>\n\n\n\n<li>Oposici\u00f3n al tratamiento. \u2013 En determinadas circunstancias y por motivos relacionados con su situaci\u00f3n particular, los interesados podr\u00e1n oponerse al tratamiento de sus datos. La entidad dejar\u00e1 de tratar los datos, salvo por motivos leg\u00edtimos, imperiosos, o el ejercicio o la defensa de posibles reclamaciones.<\/li>\n\n\n\n<li>Derecho a la portabilidad de sus datos. \u2013 Es decir, tendr\u00e1 derecho a recibir los datos personales que le incumban, que haya facilitado a un responsable del tratamiento, en un formato estructurado, de uso com\u00fan y lectura mec\u00e1nica y a transmitirlos a otro responsable del tratamiento.<\/li>\n<\/ul>\n\n\n\n<p>Podr\u00e1 ejercer los referidos derechos, dirigi\u00e9ndose al responsable. Para ello, puede utilizar los datos de contacto facilitados al inicio del presente documento. Si desea obtener informaci\u00f3n adicional respecto al ejercicio de sus derechos, tambi\u00e9n puede dirigirse a la Agencia Espa\u00f1ola de Protecci\u00f3n de Datos.<\/p>\n\n\n\n<p>Asimismo le informamos que, si lo cree oportuno, tiene el derecho a retirar, en cualquier momento, el consentimiento otorgado para alguna finalidad espec\u00edfica, sin que ello afecte a la licitud del tratamiento, basado en el consentimiento previo a su retirada. En caso que entendiera que no se han atendido adecuadamente sus derechos, podr\u00e1 presentar una reclamaci\u00f3n ante la Agencia Espa\u00f1ola de Protecci\u00f3n de Datos. C\/ Jorge Juan, 6. 28001 \u2013 Madrid.&nbsp;<a href=\"http:\/\/www.agpd.es\/\">www.agpd.es<\/a><\/p>\n","protected":false},"excerpt":{"rendered":"<p>Informaci\u00f3n adicional y detallada sobre el uso de sus datos de car\u00e1cter personal Responsable de Seguridad o Delegado de Protecci\u00f3n de Datos en su caso:ANFACO-CECOPESCA &nbsp; \u00bfCon qu\u00e9 finalidad tratamos sus datos personales? Tratamos los datos personales que nos facilite con las siguientes finalidades: \u00bfQu\u00e9 datos tratamos? En el marco de la prestaci\u00f3n de los [&hellip;]<\/p>\n","protected":false},"author":1,"featured_media":0,"parent":0,"menu_order":0,"comment_status":"closed","ping_status":"closed","template":"aviso-legal","meta":{"footnotes":""},"class_list":["post-73","page","type-page","status-publish","hentry"],"_links":{"self":[{"href":"https:\/\/hiperqvo.es\/index.php?rest_route=\/wp\/v2\/pages\/73","targetHints":{"allow":["GET"]}}],"collection":[{"href":"https:\/\/hiperqvo.es\/index.php?rest_route=\/wp\/v2\/pages"}],"about":[{"href":"https:\/\/hiperqvo.es\/index.php?rest_route=\/wp\/v2\/types\/page"}],"author":[{"embeddable":true,"href":"https:\/\/hiperqvo.es\/index.php?rest_route=\/wp\/v2\/users\/1"}],"replies":[{"embeddable":true,"href":"https:\/\/hiperqvo.es\/index.php?rest_route=%2Fwp%2Fv2%2Fcomments&post=73"}],"version-history":[{"count":2,"href":"https:\/\/hiperqvo.es\/index.php?rest_route=\/wp\/v2\/pages\/73\/revisions"}],"predecessor-version":[{"id":96,"href":"https:\/\/hiperqvo.es\/index.php?rest_route=\/wp\/v2\/pages\/73\/revisions\/96"}],"wp:attachment":[{"href":"https:\/\/hiperqvo.es\/index.php?rest_route=%2Fwp%2Fv2%2Fmedia&parent=73"}],"curies":[{"name":"wp","href":"https:\/\/api.w.org\/{rel}","templated":true}]}}