{"id":71,"date":"2024-06-20T14:48:28","date_gmt":"2024-06-20T12:48:28","guid":{"rendered":"https:\/\/hiperqvo.es\/?page_id=71"},"modified":"2024-06-20T14:48:28","modified_gmt":"2024-06-20T12:48:28","slug":"aviso-legal-2","status":"publish","type":"page","link":"https:\/\/hiperqvo.es\/?page_id=71","title":{"rendered":"Aviso Legal"},"content":{"rendered":"\n<p>Informaci\u00f3n adicional y detallada sobre el uso de sus datos de car\u00e1cter personal<\/p>\n\n\n\n<ul class=\"wp-block-list\">\n<li>Identidad:&nbsp;ASOCIACI\u00d3N NACIONAL DE FABRICANTES DE CONSERVAS DE PESCADOS Y MARISCOS (ANFACO) \u2013 CENTRO T\u00c9CNICO DE CONSERVACI\u00d3N DE PRODUCTOS DE LA PESCA (CECOPESCA) (en adelante ANFACO-CECOPESCA)<\/li>\n\n\n\n<li>CIF: G36625309<\/li>\n\n\n\n<li>Direcci\u00f3n postal:\u00a0Calle Ctra. Colegio Universitario, 16 \u2013 36310 VIGO (Pontevedra) ESPA\u00d1A.<\/li>\n<\/ul>\n\n\n\n<p>Responsable de Seguridad o Delegado de Protecci\u00f3n de Datos en su caso:<\/p>\n\n\n\n<p>El presente documento tiene como finalidad el establecer y regular las normas de uso de este portal web , entendiendo por \u00e9ste todas las p\u00e1ginas y sus contenidos propiedad de ASOCIACI\u00d3N NACIONAL DE FABRICANTES DE CONSERVAS DE PESCADOS Y MARISCOS (ANFACO) \u2013 CENTRO T\u00c9CNICO DE CONSERVACI\u00d3N DE PRODUCTOS DE LA PESCA (CECOPESCA) en adelante ANFACO-CECOPESCA,\u00a0a las cuales se accede a trav\u00e9s del dominio www.hiperqvo.es. La utilizaci\u00f3n del portal web atribuye la condici\u00f3n de usuario del mismo e implica la aceptaci\u00f3n de todas las condiciones incluidas en el presente Aviso Legal. El usuario se compromete a leer atentamente el presente Aviso Legal en cada una de las ocasiones en que se proponga utilizar nuestro portal web ya que \u00e9ste y sus condiciones de uso recogidas en el presente Aviso Legal pueden sufrir modificaciones.\u00a0<\/p>\n\n\n\n<h3 class=\"wp-block-heading\">Datos identificativos<\/h3>\n\n\n\n<p>En cumplimiento con el deber de informaci\u00f3n recogido en art\u00edculo 10 de la Ley 34\/2002, de 11 de julio, de Servicios de la Sociedad de la Informaci\u00f3n y del Comercio Electr\u00f3nico, a continuaci\u00f3n se reflejan los siguientes datos:&nbsp;<\/p>\n\n\n\n<ul class=\"wp-block-list\">\n<li>Identidad:&nbsp;ASOCIACI\u00d3N NACIONAL DE FABRICANTES DE CONSERVAS DE PESCADOS Y MARISCOS (ANFACO) \u2013 CENTRO T\u00c9CNICO DE CONSERVACI\u00d3N DE PRODUCTOS DE LA PESCA (CECOPESCA) (en adelante ANFACO-CECOPESCA)<\/li>\n\n\n\n<li>CIF: G36625309<\/li>\n\n\n\n<li>Direcci\u00f3n postal:\u00a0Calle Ctra. Colegio Universitario, 16 \u2013 36310 VIGO (Pontevedra) ESPA\u00d1A.<\/li>\n<\/ul>\n\n\n\n<h3 class=\"wp-block-heading\">Uso del portal<\/h3>\n\n\n\n<p>www.hiperqvo.es proporciona el acceso a diversas informaciones en relaci\u00f3n a sus servicios, productos, informaci\u00f3n de nuestra entidad, apartados de contacto, hiperenlaces a redes sociales, (en adelante, \u00ablos contenidos\u00bb) pertenecientes a ANFACO-CECOPESCA. El usuario asume la responsabilidad del uso del portal. Dicha responsabilidad se extiende al registro o recogida de datos que fuese necesaria para acceder a determinados servicios. En dicho registro el usuario ser\u00e1 responsable de aportar informaci\u00f3n veraz y l\u00edcita.\u00a0<\/p>\n\n\n\n<h3 class=\"wp-block-heading\">Propiedad intelectual e industrial<\/h3>\n\n\n\n<p>ANFACO-CECOPESCA&nbsp;por s\u00ed o como cesionaria, es titular de todos los derechos de propiedad intelectual e industrial de su p\u00e1gina web, as\u00ed como de los elementos contenidos en la misma (a t\u00edtulo enunciativo, im\u00e1genes, sonido, audio, v\u00eddeo, software o textos; marcas o logotipos, combinaciones de colores, estructura y dise\u00f1o, selecci\u00f3n de materiales usados, programas de ordenador necesarios para su funcionamiento, acceso y uso, etc.), titularidad de ANFACO-CECOPESCA&nbsp;todos los derechos reservados.&nbsp;<\/p>\n\n\n\n<p>En virtud de lo dispuesto en los art\u00edculos 8 y 32.1, p\u00e1rrafo segundo, de la Ley de Propiedad Intelectual, quedan expresamente prohibidas la reproducci\u00f3n, la distribuci\u00f3n y la comunicaci\u00f3n p\u00fablica, incluida su modalidad de puesta a disposici\u00f3n, de la totalidad o parte de los contenidos de esta p\u00e1gina web, con fines comerciales, en cualquier soporte y por cualquier medio t\u00e9cnico, sin la autorizaci\u00f3n de ANFACO-CECOPESCA&nbsp;El usuario se compromete a respetar los derechos de Propiedad Intelectual e Industrial titularidad de ANFACO-CECOPESCA&nbsp;La utilizaci\u00f3n no autorizada de la informaci\u00f3n contenida en este Sitio, as\u00ed como los perjuicios ocasionados en los derechos de propiedad intelectual e industrial de ANFACO-CECOPESCA&nbsp;pueden dar lugar al ejercicio de las acciones que legalmente correspondan y, si procede, a las responsabilidades que de dicho ejercicio se deriven.&nbsp;<\/p>\n\n\n\n<h3 class=\"wp-block-heading\">Exclusi\u00f3n de garant\u00edas y responsabilidad<\/h3>\n\n\n\n<p>ANFACO-CECOPESCA&nbsp;no se hace responsable, en ning\u00fan caso, de los da\u00f1os y perjuicios de cualquier naturaleza que pudieran ocasionar, a t\u00edtulo enunciativo: errores u omisiones en los contenidos, falta de disponibilidad del portal o la transmisi\u00f3n de virus o programas maliciosos o lesivos en los contenidos, a pesar de haber adoptado todas las medidas tecnol\u00f3gicas necesarias para evitarlo. El contenido, informaci\u00f3n y\/o consejos expresados en este portal web deben entenderse como simplemente orientativos.&nbsp;<\/p>\n\n\n\n<p>ANFACO-CECOPESCA&nbsp;no responde de ninguna forma de la efectividad o exactitud de los mismos, quedando exenta de cualquier responsabilidad con los usuarios que haga uso de ellos, ya que son \u00e9stas las que deber\u00e1n decidir seg\u00fan su criterio la oportunidad de los mismos. En este Sitio se pueden publicar contenidos y comentarios aportados por terceras personas.&nbsp;<\/p>\n\n\n\n<p>ANFACO-CECOPESCA&nbsp;no responde de la veracidad y exactitud de los mismos, quedando exenta de cualquier responsabilidad con los usuarios que hagan uso de ellos.&nbsp;ANFACO-CECOPESCA&nbsp;se reserva el derecho de modificar el contenido del Sitio sin previo aviso y sin ning\u00fan tipo de limitaci\u00f3n. As\u00ed mismo la empresa declina cualquier responsabilidad por los eventuales da\u00f1os y perjuicios que puedan ocasionarse por la falta de disponibilidad y\/o continuidad de este Sitio y de los servicios que se ofrecen en \u00e9l. As\u00ed mismo, tampoco podemos garantizar la ausencia de virus ni de otros elementos en la Web que puedan producir alteraciones en su sistema inform\u00e1tico.&nbsp;<\/p>\n\n\n\n<p>ANFACO-CECOPESCA&nbsp;declina cualquier responsabilidad por los servicios y\/o informaci\u00f3n que se preste en otros sitios enlazados con este, ya que no controla ni ejerce ning\u00fan tipo de supervisi\u00f3n en Sitios Webs de terceros.&nbsp;<\/p>\n\n\n\n<p>Aconsejamos a los usuarios de los mismos a actuar con prudencia y consultar las eventuales condiciones legales que se expongan en dichas Webs. As\u00ed mismo los Usuarios que remitan cualquier tipo de informaci\u00f3n a ANFACO-CECOPESCA&nbsp;se comprometen a que la misma sea veraz y que no vulnere cualquier derecho de terceros ni la legalidad vigente.&nbsp;<\/p>\n\n\n\n<p>Si ud. cree que cualquier contenido y\/o informaci\u00f3n de este Sitio vulnera un derecho leg\u00edtimo o la legalidad vigente le agradecer\u00edamos que se pusiera en contacto con ANFACO-CECOPESCA&nbsp;para que podamos tomar las medidas oportunas.&nbsp;<\/p>\n\n\n\n<h3 class=\"wp-block-heading\">Modificaciones<\/h3>\n\n\n\n<p>ANFACO-CECOPESCA&nbsp;se reserva el derecho de efectuar sin previo aviso las modificaciones que considere oportunas en su portal, pudiendo cambiar, suprimir o a\u00f1adir tanto los contenidos y servicios que se presten a trav\u00e9s de la misma como la forma en la que \u00e9stos aparezcan presentados o localizados en su portal.&nbsp;<\/p>\n\n\n\n<h3 class=\"wp-block-heading\">Derecho de exclusi\u00f3n<\/h3>\n\n\n\n<p>ANFACO-CECOPESCA&nbsp;se reserva el derecho a denegar o retirar el acceso a portal y\/o los servicios ofrecidos sin necesidad de preaviso, a instancia propia o de un tercero, a aquellos usuarios que incumplan las presentes Condiciones Generales de Uso.&nbsp;<\/p>\n\n\n\n<h3 class=\"wp-block-heading\">Generalidades<\/h3>\n\n\n\n<p>ANFACO-CECOPESCA&nbsp;perseguir\u00e1 el incumplimiento de las presentes condiciones as\u00ed como cualquier utilizaci\u00f3n indebida de su portal ejerciendo todas las acciones civiles y penales que le puedan corresponder en derecho.&nbsp;<\/p>\n\n\n\n<h3 class=\"wp-block-heading\">Legislaci\u00f3n aplicable<\/h3>\n\n\n\n<p>El presente Aviso Legal se rige en todos y cada uno de sus extremos por la legislaci\u00f3n espa\u00f1ola.&nbsp;<\/p>\n\n\n\n<h3 class=\"wp-block-heading\">Legislaci\u00f3n aplicable y jurisdicci\u00f3n<\/h3>\n\n\n\n<p>La relaci\u00f3n entre ANFACO-CECOPESCA y el usuario se regir\u00e1 por la normativa espa\u00f1ola vigente y cualquier controversia se someter\u00e1 a los Juzgados y tribunales de la ciudad de Vigo<\/p>\n","protected":false},"excerpt":{"rendered":"<p>Informaci\u00f3n adicional y detallada sobre el uso de sus datos de car\u00e1cter personal Responsable de Seguridad o Delegado de Protecci\u00f3n de Datos en su caso: El presente documento tiene como finalidad el establecer y regular las normas de uso de este portal web , entendiendo por \u00e9ste todas las p\u00e1ginas y sus contenidos propiedad de [&hellip;]<\/p>\n","protected":false},"author":1,"featured_media":0,"parent":0,"menu_order":0,"comment_status":"closed","ping_status":"closed","template":"aviso-legal","meta":{"footnotes":""},"class_list":["post-71","page","type-page","status-publish","hentry"],"_links":{"self":[{"href":"https:\/\/hiperqvo.es\/index.php?rest_route=\/wp\/v2\/pages\/71","targetHints":{"allow":["GET"]}}],"collection":[{"href":"https:\/\/hiperqvo.es\/index.php?rest_route=\/wp\/v2\/pages"}],"about":[{"href":"https:\/\/hiperqvo.es\/index.php?rest_route=\/wp\/v2\/types\/page"}],"author":[{"embeddable":true,"href":"https:\/\/hiperqvo.es\/index.php?rest_route=\/wp\/v2\/users\/1"}],"replies":[{"embeddable":true,"href":"https:\/\/hiperqvo.es\/index.php?rest_route=%2Fwp%2Fv2%2Fcomments&post=71"}],"version-history":[{"count":3,"href":"https:\/\/hiperqvo.es\/index.php?rest_route=\/wp\/v2\/pages\/71\/revisions"}],"predecessor-version":[{"id":95,"href":"https:\/\/hiperqvo.es\/index.php?rest_route=\/wp\/v2\/pages\/71\/revisions\/95"}],"wp:attachment":[{"href":"https:\/\/hiperqvo.es\/index.php?rest_route=%2Fwp%2Fv2%2Fmedia&parent=71"}],"curies":[{"name":"wp","href":"https:\/\/api.w.org\/{rel}","templated":true}]}}